{"id":241,"date":"2015-03-27T11:35:38","date_gmt":"2015-03-27T11:35:38","guid":{"rendered":"http:\/\/localhost\/wordpress-4.1.1\/wordpress\/?page_id=241"},"modified":"2015-03-27T11:36:14","modified_gmt":"2015-03-27T11:36:14","slug":"politica-de-privacidad","status":"publish","type":"page","link":"https:\/\/rotuloslarrea.es\/?page_id=241","title":{"rendered":"Pol\u00edtica de privacidad"},"content":{"rendered":"<h1>Pol\u00edtica de Privacidad<\/h1>\n<p>En ROTULOS LARREA nos comprometemos a proteger su privacidad. La presente declaraci\u00f3n de privacidad es aplicable al sitio web www.rotuloslarrea.es, y contempla la recopilaci\u00f3n y el uso de datos en todos los servicios de ROTULOS LARREA. La informaci\u00f3n personal de todos los usuarios se recopila, utiliza y revela tal y como se describe en la presente Pol\u00edtica de Privacidad.<\/p>\n<p>En esta p\u00e1gina:<br \/>\n1. Recopilaci\u00f3n de informaci\u00f3n personal<br \/>\n2. Uso de la informaci\u00f3n personal<br \/>\n3. Seguridad de la informaci\u00f3n personal<br \/>\n4. Cumplimiento de esta Declaraci\u00f3n de privacidad<br \/>\n5. Propiedad de la informaci\u00f3n<\/p>\n<h2>1. Recopilaci\u00f3n de informaci\u00f3n personal<\/h2>\n<p>Puede visitar muchas p\u00e1ginas de este sitio sin proporcionarnos ninguna informaci\u00f3n personal acerca de usted. Cuando necesitemos informaci\u00f3n que le identifique personalmente (informaci\u00f3n personal) o que nos permita ponernos en contacto con usted, se la pediremos.<br \/>\nGeneralmente, esta informaci\u00f3n se solicita cuando se registra antes de participar con sus opiniones o de acceder a servicios para los que es necesario registrarse. Para ello s\u00f3lo le pediremos su nombre y una direcci\u00f3n de correo electr\u00f3nico, como datos m\u00ednimos para asegurar una correcta prestaci\u00f3n del servicio. El resto de datos que definen su perfil son totalmente voluntarios y se utilizar\u00e1n \u00fanicamente en estudios estad\u00edsticos para mejorar nuestra p\u00e1gina y ofrecer servicios m\u00e1s adecuados a nuestros usuarios. Esta informaci\u00f3n se almacena en un fichero de base de datos que, cumpliendo con el primer requisito de la Ley Org\u00e1nica de Protecci\u00f3n de Datos (LOPD) est\u00e1 inscrita en la Agencia Espa\u00f1ola de Protecci\u00f3n de Datos, con el n\u00famero de registro T00048\/2006, lo que se puede comprobar en su propia web (www.agpd.es).<br \/>\nROTULOS LARREA tambi\u00e9n recopila datos como la direcci\u00f3n IP, el tipo de explorador, el nombre de dominio, las horas de acceso y las direcciones de sitios web de procedencia. Esta informaci\u00f3n es utilizada para administrar el servicio, mantener la calidad del mismo y proporcionar estad\u00edsticas generales relativas al uso del mismo. Tambi\u00e9n se realiza un seguimiento de las p\u00e1ginas visitadas por los visitantes para determinar los sitios y servicios m\u00e1s populares. En ning\u00fan caso estos datos se relacionar\u00e1n con la informaci\u00f3n personal de su perfil, por lo que se tratar\u00e1n de forma absolutamente an\u00f3nima, y se almacenar\u00e1n en forma de resumen estad\u00edstico y no en detalle.<\/p>\n<h2>2. Uso de la informaci\u00f3n personal<\/h2>\n<p>ROTULOS LARREA recopila y utiliza la informaci\u00f3n personal adquirida a trav\u00e9s de la web para su propia administraci\u00f3n y para ofrecer a los usuarios los servicios solicitados. Asimismo, se hace uso de los datos personales para informar al usuario sobre los productos y servicios disponibles de ROTULOS LARREA y sus filiales, aunque nunca sin su consentimiento expl\u00edcito previo.<br \/>\nROTULOS LARREA puede enviar peri\u00f3dicamente correos electr\u00f3nicos con informaci\u00f3n acerca de temas de seguridad o de servicio t\u00e9cnico de un producto o servicio solicitado, o como confirmaci\u00f3n de la solicitud de un producto o servicio. No podr\u00e1 cancelar el env\u00edo de estos mensajes ya que se consideran una parte esencial del servicio elegido.<br \/>\nOcasionalmente, ROTULOS LARREA realiza estudios de investigaci\u00f3n para conocer la opini\u00f3n del usuario con respecto a los servicios ofrecidos o potenciales.<br \/>\nROTULOS LARREA no podr\u00e1 poner a la venta, alquilar ni arrendar a terceros sus listas de usuarios o clientes. No se utilizar\u00e1 ni revelar\u00e1 informaci\u00f3n personal confidencial, como la raza, religi\u00f3n o afiliaci\u00f3n pol\u00edtica, sin el consentimiento expl\u00edcito del usuario.<\/p>\n<h2>3. Seguridad de la informaci\u00f3n personal<\/h2>\n<p>ROTULOS LARREA ha adoptado las medidas t\u00e9cnicas necesarias para evitar la alteraci\u00f3n, tratamiento o acceso no autorizado a su informaci\u00f3n personal, habida cuenta de las limitaciones que presenta Internet. En dicho sentido, el usuario acepta y reconoce las limitaciones del medio.<\/p>\n<h2>4. Cumplimiento de esta Declaraci\u00f3n de privacidad<\/h2>\n<p>ROTULOS LARREA invita al usuario a enviar sus comentarios relativos a esta Pol\u00edtica de privacidad. Si el usuario cree que ROTULOS LARREA no se ajusta a esta Pol\u00edtica, o tiene alguna duda o pregunta relativa a esta declaraci\u00f3n, deber\u00e1 por favor ponerse en contacto con nosotros por correo electr\u00f3nico o a trav\u00e9s de nuestro formulario de Sugerencias.<\/p>\n<h2>5. Propiedad de la informaci\u00f3n<\/h2>\n<p>En cumplimiento de la Ley de Servicios de la Sociedad de la Informaci\u00f3n y de Comercio Electr\u00f3nico (LSSI-CE), y de la vigente Ley Org\u00e1nica 15\/99 de 13 de Diciembre de Protecci\u00f3n de Datos de Car\u00e1cter Personal (LOPD), ponemos en su conocimiento que aunque la responsabilidad del fichero es de ROTULOS LARREA, el propietario \u00fanico de sus datos personales es usted. Por lo tanto, usted tiene derecho a acceder a la informaci\u00f3n que le concierne recopilada en nuestro fichero, rectificarla de ser err\u00f3nea, cancelarla u oponerse a su tratamiento. Para ello le comunicamos los mecanismos que ponemos a su alcance para ejercer sus derechos.<\/p>\n","protected":false},"excerpt":{"rendered":"<p>Pol\u00edtica de Privacidad En ROTULOS LARREA nos comprometemos a proteger su privacidad. La presente declaraci\u00f3n de privacidad es aplicable al sitio web www.rotuloslarrea.es, y contempla la recopilaci\u00f3n y el uso de datos en todos los servicios de ROTULOS LARREA. La informaci\u00f3n personal de todos los usuarios se recopila, utiliza y revela tal y como se<\/p>\n<p><a href=\"https:\/\/rotuloslarrea.es\/?page_id=241\" class=\"more-link themebutton\">Read More<\/a><\/p>\n","protected":false},"author":1,"featured_media":0,"parent":0,"menu_order":0,"comment_status":"closed","ping_status":"open","template":"","meta":{"ngg_post_thumbnail":0,"footnotes":""},"_links":{"self":[{"href":"https:\/\/rotuloslarrea.es\/index.php?rest_route=\/wp\/v2\/pages\/241"}],"collection":[{"href":"https:\/\/rotuloslarrea.es\/index.php?rest_route=\/wp\/v2\/pages"}],"about":[{"href":"https:\/\/rotuloslarrea.es\/index.php?rest_route=\/wp\/v2\/types\/page"}],"author":[{"embeddable":true,"href":"https:\/\/rotuloslarrea.es\/index.php?rest_route=\/wp\/v2\/users\/1"}],"replies":[{"embeddable":true,"href":"https:\/\/rotuloslarrea.es\/index.php?rest_route=%2Fwp%2Fv2%2Fcomments&post=241"}],"version-history":[{"count":2,"href":"https:\/\/rotuloslarrea.es\/index.php?rest_route=\/wp\/v2\/pages\/241\/revisions"}],"predecessor-version":[{"id":243,"href":"https:\/\/rotuloslarrea.es\/index.php?rest_route=\/wp\/v2\/pages\/241\/revisions\/243"}],"wp:attachment":[{"href":"https:\/\/rotuloslarrea.es\/index.php?rest_route=%2Fwp%2Fv2%2Fmedia&parent=241"}],"curies":[{"name":"wp","href":"https:\/\/api.w.org\/{rel}","templated":true}]}}